nder when c is divided by p?
12
Let o = -19 - -19. Suppose 2*m + o*m + 110 = 0. What is the remainder when (0 + -12)*m/10 is divided by 17?
15
Let y be (-2)/6 - 10/(-3). Let d(k) be the third derivative of 5*k**4/24 + k**3/6 + 60*k**2. What is the remainder when 30 is divided by d(y)?
14
Suppose m = -3*m - j - 1226, -5*m + 5*j = 1520. Let k = m + 489. Calculate the remainder when k is divided by 8.
7
Let t = -691 - -768. What is the remainder when 153 is divided by t?
76
Let u = 485 - 315. What is the remainder when u is divided by 59?
52
Suppose n - 22 = -n. Suppose 4*z = -0*z. Suppose 5*o + 7 + 16 = 3*g, -3*g - 3*o + 63 = z. What is the remainder when g is divided by n?
5
Let g(f) = 2*f**2 - 2. Suppose m = -5, -6*q + 2*m + 10 = -2*q. Suppose -9 + q = -3*s. What is the remainder when g(s) is divided by 9?
7
Suppose 2*d - 30 = -3*k - d, -3*d = -15. Suppose -k*r = -98 - 92. What is the remainder when r is divided by (-4)/(-16) + (-117)/(-12)?
8
What is the remainder when 241 is divided by (-8*(-3)/72)/((-5)/(-435))?
9
Suppose -4*y + 793 = 69. Suppose -4*v - 21 + y = 0. Calculate the remainder when v is divided by 21.
19
Suppose q + 4*l = 119, -133*q + 530 = -129*q - 2*l. Calculate the remainder when q is divided by 12.
11
Suppose -2082 = -679*j + 676*j. Calculate the remainder when j is divided by 100.
94
Let u(n) = -n**3 - 30*n**2 - 27*n + 84. What is the remainder when u(-29) is divided by 12?
2
Let j = 17 + -17. Suppose -25 = l - j. Let m = 38 + l. What is the remainder when m is divided by 5?
3
Calculate the remainder when (4/8)/((-2)/(-148)) is divided by (7 - 0) + (-1380)/(-115).
18
Let a(j) = -j**3 + 2*j**2 + j + 2. Let v be a(3). Let d(n) = n**3 + 8*n**2 + 11*n + 1. What is the remainder when 54 is divided by d(v)?
12
What is the remainder when 101 - -58 - 3*-1 is divided by 12?
6
Suppose o + 2*o - 15 = 0. Suppose n - 6 - o = 0. Calculate the remainder when n is divided by (2/5 + 0)*15.
5
Suppose -4*z - 4*b = -3 + 15, -4*b + 4 = -4*z. Let y = z + 24. What is the remainder when 64 is divided by y?
20
Suppose 3*i - s = 45, -2*s = 2*i - 3*s - 31. Calculate the remainder when 12/8*86 + -4 is divided by i.
13
Suppose 0 = 3*i - 371 + 293. What is the remainder when 147 is divided by i?
17
Let s(t) be the first derivative of -t**2/2 + 6*t - 14. Calculate the remainder when 43 is divided by s(-5).
10
Let b be 16/6*(-6 + (-483)/28). Let g = b + 142. What is the remainder when g is divided by 27?
26
Let z = -3 + 28. Suppose 8*d - 495 = 3*d. Calculate the remainder when d is divided by z.
24
Suppose 0*r + r + 6 = 0. Let s(v) = -v**3 + 7*v**2 - 4*v - 4. What is the remainder when (-88)/r*(-3)/(-2) is divided by s(6)?
6
Let k be -60 - -6*1/2. Let d = k + -7. What is the remainder when 8*5*d/(-80) is divided by 12?
8
Suppose 10 = -5*d, l - d + 9 = -17. Let v = l + 68. Suppose 0 = -3*t - t + v. What is the remainder when t is divided by 6?
4
Suppose -c = g - 2, -c + 2*c + 2*g = 2. Let t(k) = -4*k + 7 - 1 + 6*k**2 - 5*k**c. What is the remainder when 21 is divided by t(5)?
10
Let t(i) = -17*i**2 + 192*i - 9. Calculate the remainder when 267 is divided by t(11).
37
Suppose 0 = 2*p + 5*q + 126, 8*p + 330 = 3*p - 5*q. Let i = -56 - p. Calculate the remainder when 41 is divided by i.
5
What is the remainder when -2 + 356/18 + (-10)/(-45) is divided by 8?
2
Let x(p) = 2*p**2 - 2. Let j = -11 - -9. Calculate the remainder when 11 is divided by x(j).
5
Let b(q) = -q**3 + 7*q**2 + 6*q + 19. Let x = 96 - 88. Calculate the remainder when 41 is divided by b(x).
2
Let u(y) = y - 3. Let m be u(5). Suppose 3*t - 48 = 4*a, 0 = t - m*a - a - 11. Suppose 23*z + 3959 = 5776. Calculate the remainder when z is divided by t.
19
Let u = -30 + 35. Suppose -u*v + 22 = -18. What is the remainder when 26 is divided by (-4 - 0)/v*-14?
5
Let q(i) = i. Let j(k) = 12*k + 25. Let y be (-5 - 1)/(-3) + -24. Let a(f) = y*q(f) + 2*j(f). Calculate the remainder when a(0) is divided by 13.
11
Suppose -p - 38 - 3 = -3*m, -29 = -3*m - 5*p. Calculate the remainder when 109 is divided by m.
5
What is the remainder when 31 is divided by 1/(-1) + (42/7 - -5)?
1
Suppose 0 = c - 3 + 1. Suppose -c*r + 5*b = -25 - 16, b = 5. Let t(l) = -16*l + 345. What is the remainder when r is divided by t(21)?
6
Let q = 7 + 34. Suppose 6*n - 25 - q = 0. What is the remainder when 97 is divided by n?
9
Suppose -436 = -25*h + 21*h. What is the remainder when h is divided by 60?
49
Suppose -2*c + 5*r = -3*c + 39, 4*c = 5*r + 256. Suppose 3*q - 75 = -5*w, -q + 2 = -5*w - 3. Calculate the remainder when c is divided by q.
19
What is the remainder when 317 is divided by ((-15)/10)/(12/(-256))?
29
Suppose 0 = 3*o + 2*m - 90, -119 + 19 = -4*o + 4*m. Suppose 11*k + o - 94 = 0. What is the remainder when 35 is divided by k?
5
Let x be 4/(-3) - 1392/9. Let d = -97 - x. What is the remainder when d is divided by (-284)/(-14) - 4/14?
19
Let g = 0 + 13. Suppose 2*q - 4*q + 378 = 0. Let k = -125 + q. What is the remainder when k is divided by g?
12
Let t = 1 - -1. Suppose 0 = 5*m - t*m - 27. What is the remainder when (0 + -1)*1 + 26 is divided by m?
7
Suppose 7*p - 81 = 290. Suppose -8 = -d + 10. Calculate the remainder when p is divided by d.
17
Let o be 59/(-3) + 4/(-12). What is the remainder when (5 + -40)/((-1)/(0 + 1)) is divided by 1/((-2)/4) - o?
17
Let o be 6/9*-3 + 14. Let b be ((-45)/27)/((-10)/o). Calculate the remainder when 11 is divided by (-7 + 10)/(2/b).
2
Suppose -819 = -f - 6*f. What is the remainder when f is divided by 12?
9
Suppose 86*c - 72*c - 1834 = 0. What is the remainder when c is divided by 45?
41
Suppose -2*o - 628 = -4*o. Let n = 1222 + -777. Let d = n - o. Calculate the remainder when d is divided by 33.
32
Suppose -336 = -23*h - 5*h. Let u be 1 - (5 - 2) - -6. Suppose -2*i - 3*d = -49 - 33, 0 = u*i - d - 136. What is the remainder when i is divided by h?
11
Let z(b) = b**3 + 4*b**2 - 4*b - 3. Let q = -187 - -191. Calculate the remainder when z(-4) is divided by q.
1
Suppose 8 = -m + 31. What is the remainder when 41 - -1*(2 - -2) is divided by m?
22
Let n(b) = 13*b - 105. Calculate the remainder when 73 is divided by n(10).
23
Let l(z) = -25*z - 3. Let u be l(-2). Suppose -3 + u = 4*j. Suppose 4*b - 150 - 22 = 0. What is the remainder when b is divided by j?
10
Let i(v) = v**2 + 6*v - 4. Suppose 14 = -2*q + 2. Let s be i(q). What is the remainder when 19 + (-3 - -10) + s is divided by 6?
4
Let i = 661 - 645. Suppose -64 = -s - r, 230 = 4*s - 5*r - 8. What is the remainder when s is divided by i?
14
Suppose -1232 = -7*n - 7*n. What is the remainder when 186 is divided by n?
10
Let k(w) = -w**2 - 9*w - 5. Let p = -190 + 279. Let l = p - 38. What is the remainder when l is divided by k(-6)?
12
What is the remainder when ((-191)/3)/(4/(-12)) is divided by 16?
15
Suppose 28 = -4*p + 3*p. Let a = -2 - p. Calculate the remainder when a is divided by 15.
11
Suppose -5*n + 3*m = -178, -3*m + 113 + 13 = 3*n. Suppose 43*j = 72 + 57. What is the remainder when n is divided by j?
2
Suppose 0 = -4*m + 3*t + 33 + 151, t = 4. What is the remainder when m is divided by 14?
7
Let j(f) = f**3 - 8*f**2 + 6*f + 7. Let x be j(7). Suppose i = 4*u - x*u + 9, -2*u = -8. What is the remainder when 99 is divided by i?
24
What is the remainder when (-8)/2 - (304/16 + -229) is divided by 98?
10
Suppose 0*w + 216 = 3*w. Suppose -27*v + w = -15*v. Calculate the remainder when 16 is divided by v.
4
Let s = -18 - -33. What is the remainder when (27/2)/((-1)/(-4)*2) is divided by s?
12
Let w be 1 - ((-5)/(-1) + -1). Let h be (-2 + 6)/((-2)/w). Suppose 310 = h*l - l. Calculate the remainder when l is divided by 21.
20
Let v(d) = -28*d - 81. Calculate the remainder when v(-5) is divided by 12.
11
Suppose -2*z - 24 = 4*z. Let n(c) = -5*c - 3. Let a(v) = 6*v - 4. Calculate the remainder when a(6) is divided by n(z).
15
Let n = 1057 + -973. Calculate the remainder when 124 is divided by n.
40
Suppose -4*a - 4*k + k = -8, 2*k = 0. Suppose 0*d = -d + a. Suppose 0 = -d*m + 22. Calculate the remainder when m is divided by 3.
2
Let w = 47 - 15. Suppose -3*j + 8*j + 5*v = 45, -4*v + 12 = -2*j. Suppose -j = 3*h - 37. Calculate the remainder when w is divided by h.
10
Let b = 671 + -519. What is the remainder when b is divided by 27?